e (-2)/(-13) - 2272/(-104). Let a = r + -20. List the prime factors of (-3)/a*((-588)/9 + -2).
101
Suppose -5*f = 3*p - 305866, 32*p - 35*p = -f + 61184. List the prime factors of f.
5, 2447
Let z = -327 + 581. Suppose 0 = -u + 5*u + 3*o - 1002, 0 = -u + o + z. List the prime factors of u.
2, 3, 7
Let f(q) = 6669*q + 7244. What are the prime factors of f(7)?
53927
Suppose -6*c + 2*h = -8*c - 478, -2*h + 224 = -c. What are the prime factors of (-26)/(-3*(-6)/c)?
2, 13
List the prime factors of (-93)/155 + 115452/20.
2, 3, 13, 37
Suppose -5*y - 232 - 953 = 0. Let n be 10*((-4185)/10)/(-9). Let a = y + n. List the prime factors of a.
2, 3, 19
Let u = 94 - 255. Let g(t) = -t**2 - 6*t - 16. Let o be g(6). Let m = o - u. What are the prime factors of m?
73
Let u = 384 - -138. Let z be ((-14)/(-14))/(2/u). Let x = -175 + z. List the prime factors of x.
2, 43
Let w = 10 - 5. Suppose w*v - 2367 = -3*t - t, 4*v = 5*t - 2928. What are the prime factors of t?
2, 3, 7
Let r(b) = 447*b**2 - 81*b - 561. List the prime factors of r(-10).
3, 14983
Let r = 1121 - -3393. List the prime factors of r.
2, 37, 61
Let h = -167 + 299. Let j(c) = -c**3 + 8*c**2 - 8. Let u be j(7). Let k = u + h. What are the prime factors of k?
173
Let s(j) = j**3 - 4*j**2 + 3*j - 36. Suppose -2*f - 12 = -2*p, 13 + 8 = 5*p + 4*f. List the prime factors of s(p).
2
Let n(v) = 86*v**2 + v. Let b be n(1). Let k = 4339 + -4334. Suppose 0 = -k*s + 472 - b. What are the prime factors of s?
7, 11
Let k(u) be the second derivative of -u**4/12 - 2*u**3/3 + 5*u**2/2 + 6*u. Let w be k(-4). Suppose 685 - 70 = w*b. What are the prime factors of b?
3, 41
Let i(c) = -2*c + 1932. What are the prime factors of i(5)?
2, 31
Suppose 167*p = 183*p + 272. Let y(v) = -11*v - 3 - 19 + 86. What are the prime factors of y(p)?
251
Let m = -9 - 11. Let n be (-2)/4 - m/(-40). What are the prime factors of (-2)/(n + -1) - 152/(-4)?
3, 13
Let y = 523 - 525. What are the prime factors of (-27 - 75)*y/4?
3, 17
Let z be (-3)/(-9) - (-5 + (-944)/12). Suppose 90*j - z*j = 930. List the prime factors of j.
5, 31
Let z(y) = 6*y**2 + 4*y - 6. Let n(p) = p**2 + p - 1. Let q(r) = -4*n(r) + z(r). Let u be q(-2). Suppose -u*f = -f - 220. What are the prime factors of f?
2, 11
Suppose d = 5*r - 10673, -3*r = -0*r - d - 6403. Let p be (-1)/(8535/r + -4). Suppose 2*l + 3*s = 2*s + p, 2*l + 2*s - 422 = 0. List the prime factors of l.
2, 3
Suppose -227*i = -124*i - 118*i + 3045. What are the prime factors of i?
7, 29
Suppose 0*s - 11*s = 8*s - 28937. List the prime factors of s.
1523
Suppose -114*b + 985433 + 435383 + 473180 = 0. What are the prime factors of b?
2, 3, 13, 71
Let f(h) = 2*h**3 - 2*h**2 - 15*h - 11. Let k(s) = s**3 + 12*s**2 - 2*s - 19. Let r be k(-12). List the prime factors of f(r).
2, 3, 19
Let y be (-10)/3*12/(-10). Let m(j) be the third derivative of 17*j**4/12 - 5*j**3/2 - 2*j**2 + 18*j. List the prime factors of m(y).
11
Suppose -15*z + 4*x = -12*z - 6173, -z + 5*x = -2043. Suppose -5 = 3*w - 14, 0 = -4*l - w + z. What are the prime factors of l?
5, 103
Let l(s) = 8*s**2 - 6*s + 3. Let f(i) = i**2 - i + 2. Let m be f(2). Let a be l(m). Suppose 4*x = 17 + a. What are the prime factors of x?
31
Suppose -54*b = -106*b + 26*b + 122486. List the prime factors of b.
7, 673
Let h = -1 + 7. Let m(l) = 3*l**2 - 18*l - 111. Let i be m(19). What are the prime factors of 8/h*i/40?
3, 7
Let h(k) = -k**2 + 9*k + 49. Let n be h(-12). Let c = n + 279. List the prime factors of c.
2, 19
Let n(l) = l**3 - 7*l**2 + 9*l + 5. Let u be n(5). Let v(j) = 11*j - j**2 + 63 - 10*j + j**2 + j**3. What are the prime factors of v(u)?
3, 7
Let b(o) = -2*o**3 - 9*o**2 - 7*o + 16. Suppose 0 = 11*l - 7*l + 32. Let f be b(l). Suppose -4*p + f = -8. What are the prime factors of p?
2, 3, 11
Let k(a) = a. Let d be k(2). Suppose 7*q = d*q. Suppose q = -6*x + 33 + 117. What are the prime factors of x?
5
Let r = -36769 - -71705. List the prime factors of r.
2, 11, 397
Suppose -874*f = -1058*f + 7824048. List the prime factors of f.
2, 3, 19, 373
Let d be (-112)/24*36/(-14). Suppose 27 = -3*t - 3*n + 3, -5*n = -2*t - 16. Let l = d - t. List the prime factors of l.
2, 5
Let l be (1 - 1) + -424*18/(-24). Suppose 0 = 2*r - 4*w - l, r = 3*w + w + 169. What are the prime factors of r?
149
Let t = -15 + -20. Let a = -33 - t. Suppose -645 = -7*n + a*n. List the prime factors of n.
3, 43
Suppose -3*o + 34 = 2*x - 0*x, -3*x = 5*o - 55. Let v be o*(-1)/(-2)*10. Suppose 0 = 2*k + 3*k - v. List the prime factors of k.
2
Let p be (1716/110)/(6/40). Let g be 1 - 69/(-6)*16. Let z = g - p. What are the prime factors of z?
3
Let d = 38 - 16. Suppose d*f - 28*f = -1404. What are the prime factors of f?
2, 3, 13
Suppose -161*o - 189*o + 2160200 = 0. What are the prime factors of o?
2, 1543
Suppose -111*b + 15620 = -107*b + 4*g, 3*g + 15655 = 4*b. What are the prime factors of b?
2, 5, 17, 23
Suppose 10*v - 910 = -4*v. Suppose 1712 = 4*i + 4*r, v*r + 2140 = 5*i + 61*r. List the prime factors of i.
2, 107
Suppose -2*z + 2*w = 3*w - 108, -120 = -2*z + 2*w. Let k = z - 21. What are the prime factors of 2 + (3*k - -4)?
3, 37
Let i(p) = 4*p**2 + 9*p - 2. Suppose g - 3*g - 2 = a, 3*a - 5*g - 38 = 0. Suppose 34 = -a*k - 14. List the prime factors of i(k).
2, 7, 13
Let u = -28292 + 41327. What are the prime factors of u?
3, 5, 11, 79
Suppose -4*p + 5*o + 61 = 0, 4*p + o + 4*o - 51 = 0. Suppose -i - 34 - p = 0. Let m = -22 - i. What are the prime factors of m?
2, 13
Let j be 18/63 + (-12)/(-7). Let x = j - -2. Suppose -2*m + 122 = -x*d, 3*d = 5*m + d - 321. List the prime factors of m.
5, 13
Let a = -52 - -16. Let z be ((a/15)/3)/((-4)/1730). Let n = z - 204. What are the prime factors of n?
2, 71
Let o = 43 + -38. Suppose 837 = g + 3*y, 263 + 574 = g + o*y. What are the prime factors of g?
3, 31
Let p = -74 - -78. Suppose 0 = p*j + 334 - 1698. List the prime factors of j.
11, 31
Let x = -161 + 164. Suppose 3*r = -2*r + 4*c + 3345, -3*r + x*c = -2007. What are the prime factors of r?
3, 223
Let x(a) = 7*a**2 - 26*a + 47. What are the prime factors of x(-57)?
2, 37, 41
List the prime factors of (-37 + (-24)/12)*-1.
3, 13
Let q be (21/35)/((-2)/(-330)). Let v be 60/33 + 18/q. Suppose -2*g + a = -180, 168 = -0*g + v*g + 5*a. What are the prime factors of g?
89
Suppose -2*j = -5*k - 198, -5*k = -4*j + 6*j + 202. What are the prime factors of 8/(k/15) + 1225?
2, 13, 47
Let r be -3 - ((-16)/2 - 0). Let p(d) = -d**3 + 4*d**2 + 4*d - 4. Let u be p(r). List the prime factors of (u - -7)/((-2)/43).
43
Suppose -4*t - 27 = -75. What are the prime factors of (-8)/t + (-19448)/(-39)?
2, 3, 83
Let p be 300 + (0*(-3)/12)/1. Let v(y) = -2 - 1 + 327*y - p*y. What are the prime factors of v(4)?
3, 5, 7
Suppose 0 = 3*s - 165 - 633. Let f = s + -182. List the prime factors of f.
2, 3, 7
What are the prime factors of 58*(1683/(-72)*-4 - 6)?
5, 7, 29
Let j(t) = -108*t + 24. Let p(o) = 2*o - 6. Let r be p(1). What are the prime factors of j(r)?
2, 3, 19
Let g(z) = -612*z - 7729. What are the prime factors of g(-113)?
19, 53, 61
Suppose -3990*u - 13153 = -3983*u. Let h = u - -2817. What are the prime factors of h?
2, 7, 67
Let b(g) = 187*g**2 + 3*g + 20. List the prime factors of b(-2).
2, 3, 127
Suppose 18*q = 10*q + 6864. Let n = q - 23. What are the prime factors of n?
5, 167
Suppose 0 = -9*r + 6*r + 1533. Suppose 4*z - r = 3*p, 4*p - 9 = p. Suppose -44*i + z = -42*i. What are the prime factors of i?
5, 13
Let o(u) = 3*u**2 - 89*u + 2878. List the prime factors of o(65).
2, 3, 11, 37
Suppose -155552 - 49422 = -154*n. List the prime factors of n.
11
Let q = 131 + -104. Let b = 32 - q. What are the prime factors of (-55 + -3)*(-3 - b/(-2))?
29
Let q(m) = -281*m - 54. Let o be q(-9). Suppose 5*j - 2*j - o = -5*g, 0 = -5*j. What are the prime factors of g?
3, 5, 11
Let j be (-3)/((-30)/44) - 34/85. Let o(t) = 4*t - 10. Let q be o(j). What are the prime factors of (2 - (-112)/q)*3?
2, 31
Suppose 21*r = 1929 - 207. Suppose 0 = -3*m + 3*c + 33, -m - 5*c + 14 = -9. Let v = r + m. What are the prime factors of v?
5, 19
Let s be 6/(-2) + 17 + -6. Suppose 4*t + s = 28. Suppose -t*m - 94 = -6*m. What are the prime factors of m?
2, 47
Let t(o) = -2*o**3 + 70*o**2 - 85*o - 119. List the prime factors of t(29).